e highest common factor of 24 and j?
12
Let z be (1 - 2) + (-8)/(-1). Suppose h = -0*h + z. Suppose 5*v - h*v = -18. What is the highest common divisor of v and 1?
1
Let r = 44 + -20. Suppose 0 = 2*y - b - b - r, -8 = 4*b. Suppose -243 = -3*z - 3*i, 0 = -4*z - 0*z - i + 321. What is the greatest common divisor of z and y?
10
Let v = -67 + 69. What is the highest common factor of v and 10?
2
Suppose -3*u = 2*k + k - 126, 0 = -4*k - 16. Calculate the greatest common divisor of 207 and u.
23
Suppose 5*x + 5*z = 7*x - 195, 3*z + 201 = 2*x. Let j be (2/(-4))/((-5)/740). Let l = -32 + j. Calculate the greatest common factor of x and l.
21
Suppose -2*i + 2*p = -4, -5*i + 3*p + p + 15 = 0. Suppose 4*n + 27 = i*n. Let x = 84 - 39. What is the highest common divisor of x and n?
9
Let j(y) = -y - 5. Let u be j(-5). Let n = u + 5. Suppose n*k = -15, -4*i - 5*k + 57 = -0*k. What is the greatest common divisor of 198 and i?
18
Suppose 13*u - 173 = 2*u + 223. Suppose 0*g + g = 324. Calculate the highest common divisor of g and u.
36
Let a(r) = 23*r - 172. Let u be a(12). Let l = -4 + 6. Suppose -l*b + 49 = -3*o, 3*b + 4*o - 8*o - 74 = 0. Calculate the greatest common factor of u and b.
26
Suppose -4*x - 2*r + 62 = 0, 85 = 5*x - 3*r + 7*r. Suppose -17*s + 96 = -x*s. What is the highest common factor of 72 and s?
24
Let v be 14/77 - (-284)/11. Let d be 2/(2/1) + 233. Calculate the greatest common divisor of d and v.
26
Let f be (0 - (-72)/10)*70/21. Suppose -22 = -3*y + 2*i, i = -y - 3*y + 22. Let z be 32/y*(-2 + 5). What is the highest common factor of f and z?
8
Suppose 73*c - 162*c + 5696 = 0. What is the highest common divisor of c and 200?
8
Let h be 105*(60/(-9))/(-5). Let l(c) = -3*c - 3*c**3 + 3 - 1 + 0*c**2 + 5*c**3 - 3*c**2. Let b be l(3). What is the greatest common factor of b and h?
20
Suppose -8*k - 18 = -2*k. Let v(n) = -3*n**3 - 6*n**2 + 3*n + 3. Let o be v(k). Calculate the highest common divisor of o and 3.
3
Suppose 4*u - 2*u - 3*o = 8, -2*o - 6 = -2*u. Let c = -4951 - -4959. Calculate the highest common factor of c and u.
1
Let t = -179 + 188. Suppose 2*d = 9 + 15. Calculate the highest common divisor of t and d.
3
Let z(p) = -274*p - 36. Let t be z(-1). What is the greatest common factor of t and 56?
14
Let o be -28*((-2)/5)/((-12)/(-60)). What is the greatest common factor of 16 and o?
8
Let l = -238 + 258. Calculate the greatest common factor of 45 and l.
5
Let g(a) = -2*a**3 - 5*a**2 + 5*a - 10. Let y be g(-5). Suppose 0 = -7*b - 34 + y. What is the highest common factor of 88 and b?
8
Let m = 1159 - 972. What is the greatest common factor of 22 and m?
11
Let h be 11/33 - (-73)/(-3). Let l be ((-9)/6)/(2/h). Let b be 142 - (2 + -3 + -1). Calculate the greatest common factor of b and l.
18
Let r = -5 + 3. Let p be (-5)/(-60)*r - (-146)/12. Calculate the greatest common divisor of 4 and p.
4
Let s = 36 + -12. Suppose -f + 68 = 3*f. Suppose -3*c + f = -4*h - 11, 2*c - 3*h - 20 = 0. Calculate the highest common factor of c and s.
4
Suppose 6*j = -0*j + 72. Suppose -8*o - j = -9*o. Calculate the greatest common divisor of 60 and o.
12
Suppose 6*s - 4*s - 8 = 0. Suppose 4*d - 9*d = 2*w - 14, s*w = -2*d - 4. Calculate the greatest common divisor of d and 10.
2
Suppose a + 201 = -5*b, 0*b = -5*a + 2*b - 870. Let h be (-2)/11 - 8832/a. Suppose 4*o = -o + 100. Calculate the highest common divisor of h and o.
10
Let b(d) = -3*d**3 + 32*d**2 + 33*d - 22. Let a be b(-9). Calculate the greatest common factor of a and 20.
20
Suppose 5 - 8 = -p. Suppose -p*g - 5*s + 93 = g, 2*g + s = 39. Calculate the greatest common divisor of g and 17.
17
Suppose 4*y + 10 - 18 = 0. Suppose -5*k - 9 = -y*b + b, -4 = 4*k. What is the highest common factor of 32 and b?
4
Let l(u) = u**2 - 3*u - 4. Let i be l(8). Let p = i + -37. Let b = 11 + p. Calculate the highest common divisor of 2 and b.
2
Let t be (-4)/(-2) + -97 + 103. What is the greatest common divisor of 184 and t?
8
Let w(b) = 6*b**2 + 23*b - 33. Let o be w(-6). Calculate the highest common factor of 18 and o.
9
Let r be 788 + 12/4 + -8. Calculate the highest common factor of 29 and r.
29
Let w = -51 + 53. Suppose -5*o + 75 = w*m, -2*o + 6 = 4*m - 104. Calculate the highest common divisor of m and 75.
25
Let f be 54 - 3/((-12)/(-20)). Calculate the greatest common factor of 7 and f.
7
Suppose 293 + 631 = 7*c. What is the highest common factor of c and 12?
12
Let g be (8 - 4 - -25) + -3. Suppose 4*w + 18 = 7*w. Let i be -468*(-3 + 15/w). Calculate the highest common divisor of i and g.
26
Let l(o) = o**2 - 3*o + 16. Let a be l(9). What is the highest common factor of 50 and a?
10
Suppose 6*f - 3*f = 33. Suppose -2*l + 10 = 0, 0 = -0*q + q - 5*l + 45. Let c = 13 - q. What is the highest common factor of c and f?
11
Let i be (-25)/((2/(-2))/(-1)). Let t = 6 - i. What is the highest common factor of t and 31?
31
Let b be 208/(1*6/39). Suppose 0*m - b = -4*m. Calculate the highest common divisor of 26 and m.
26
Let c(t) = -t**2 + 11*t + 2. Let l be c(9). Let u be 2/8 - 153/(-12). Let r = 23 - u. Calculate the greatest common factor of l and r.
10
Suppose -13*l + 9*l = -464. Let z = 139 - l. Suppose 322 = 3*b - b. What is the highest common factor of b and z?
23
Suppose 0 = -2*o - 0*o + 4. Let z(f) = -75748 - 3*f + 32*f**2 + 8*f + 75743. Let u be z(o). What is the highest common factor of u and 19?
19
Suppose 5332 = 13*c - 349. What is the greatest common factor of c and 19?
19
Let x = -1257 - -1261. Calculate the greatest common factor of 122 and x.
2
Let w be (-8)/(-32) + 1038/8. Suppose 15*b - w = 13*b. Calculate the highest common factor of b and 13.
13
Let g(t) = -3*t - 6. Let b be g(-4). Let x(s) = -s + 15. Let v be x(b). Suppose h = -v + 24. What is the highest common factor of 5 and h?
5
Let f be ((-2)/1)/(22/143). Let l be (-3)/(-1)*(-4)/6. Let a be (1 - f)/(l/(-6)). Calculate the highest common factor of 6 and a.
6
Let y = 1315 - 1310. Suppose 4*o - 4*k = 2*o + 34, -3*k = 5*o - 72. Calculate the highest common divisor of y and o.
5
Let o = -38 + 78. Let f(s) = 4*s - 53. Let p(n) = 2*n - 27. Let m(h) = -4*f(h) + 7*p(h). Let j be m(9). Calculate the highest common divisor of j and o.
5
Suppose 16*z + 365 = 21*z - 2*y, 170 = 2*z + 4*y. Calculate the highest common divisor of 50 and z.
25
Let q = -1648 + 1699. Calculate the greatest common factor of q and 629.
17
Let u(c) be the first derivative of c**3/3 + 4*c**2 - 15*c + 24. Let i be u(-12). Calculate the greatest common factor of 44 and i.
11
Let n be 3/6 - 3/6. Suppose n = 2*l - 76 - 54. Let b = l - 44. Calculate the greatest common divisor of b and 168.
21
Let q = -19 + 0. Let g = q - -14. Let f be (-9)/(-1)*g/(-15). What is the greatest common factor of f and 3?
3
Let o(p) = -5*p - 5. Let j be o(-1). Suppose j = -2*n - 1 + 7. Calculate the greatest common divisor of n and 33.
3
Let d be (35/(-28))/(2/24). Let y be 63/d*(-4 - 1). What is the greatest common factor of y and 3?
3
Suppose 0 = 33*h - 39*h + 264. What is the highest common factor of 55 and h?
11
Let y be (-4 - 33/(-9))*96/(-2). Suppose 6*b - 44 = y. Calculate the greatest common factor of b and 50.
10
Suppose -5*t = -10*t + 25. Suppose t*j - 4*i = 1105, -2*j + 261 + 179 = -2*i. Calculate the highest common divisor of 25 and j.
25
Let d = 178 + -55. What is the highest common factor of 41 and d?
41
Let s = -2014 + 2029. What is the highest common divisor of 110 and s?
5
Let w = 4 + 8. Calculate the highest common divisor of 6 and w.
6
Let p = -2 + 2. Suppose p = a - 3*s - 10, -3*s = -a - 7*s - 11. Let h be 11 + (-1 - 1) + a. What is the highest common factor of 5 and h?
5
Let x(m) = 9*m + 25. Let w be x(2). What is the highest common divisor of w and 86?
43
Let r(x) = 2*x + 6. Let j be r(5). Let y = j - -8. What is the highest common divisor of 3 and y?
3
Let u = 663 + -603. Calculate the highest common factor of u and 35.
5
Let j(p) = 24*p + 910. Let h be j(-37). Suppose x - 4*x = -6. What is the greatest common divisor of h and x?
2
Let q = -2 + 2. Suppose -5*g = q, 10 = 4*b - 2*g - 6. Suppose 0 = -141*f + 156*f - 540. What is the greatest common factor of f and b?
4
Let w be 707 + (0 - 5) + -5. Calculate the greatest common factor of 17 and w.
17
Suppose -4*u + 252 = -u. Suppose -3*t +